(-1). Is j(g) prime?
True
Suppose 110 = t - 954. Let o = t - 757. Is o a composite number?
False
Let m be (-4)/(1/(-30) - 0). Let k = -56 - -77. Suppose -q + m + k = 0. Is q a prime number?
False
Let i(l) = -1250*l**3 + 3*l**2 - 2*l - 35. Is i(-4) composite?
False
Is 5 - (-72446 + 0/(-2) + 2) prime?
False
Suppose 402 = 4*v - 1054. Suppose -8*z = -v - 556. Is z a composite number?
True
Suppose 0 = -5*k + 14 + 21. Let r(s) = -13*s - 8. Let p(d) = -14*d - 8. Let x(a) = -4*p(a) + 3*r(a). Is x(k) a prime number?
True
Suppose 0 = 3*t + 2*b - 212, 2*t - 3*b - 192 = -t. Let g be (10 + -15)/(2/t). Let i = -43 - g. Is i a prime number?
True
Suppose -4*u = 2*r - r + 7, -4*r + 5*u + 35 = 0. Suppose 4*z + 0*z - 3*c = 605, -r*z - 2*c = -739. Is z composite?
False
Let y = 235 + -89. Let w = 493 - y. Is w a prime number?
True
Let n(a) = -2*a**2 - 4*a + 8. Let q be n(6). Let f = q - -485. Is f a prime number?
True
Suppose 0 = -2*u - 3*h + 106292, 2*u + 2*u - 212566 = 3*h. Is u a prime number?
False
Is 32/192*5*21198 a prime number?
False
Suppose -2*p + 598 = -3*w, 0 = 5*p - 4*p - 5*w - 313. Is p prime?
True
Suppose -z = 12 - 15. Suppose z*d - 420 - 323 = i, -498 = -2*d + 2*i. Is d prime?
False
Let p = -6 - -11. Let x(i) = -5*i + 43*i**3 + 8 - 3*i**2 - 67*i**3 + 2*i**2 + 25*i**3. Is x(p) composite?
False
Let d(o) = -o**2 + 2*o**2 + 4 + 3*o**2 - 3*o**2 + 5*o. Let y(r) = r**2 + 4*r + 3. Let l(i) = -3*d(i) + 4*y(i). Is l(-2) a composite number?
False
Let q(i) = 82*i - 3. Let l(s) = s**2 - 10*s + 11. Let a be l(10). Let m = 13 - a. Is q(m) a prime number?
False
Let i = 506260 - 260693. Is i a composite number?
True
Let r(y) = -y**3 - 3*y**2 - 2*y - 6. Let t be r(-3). Suppose q - 3*q + 548 = t. Is q composite?
True
Let q(g) = -406*g**3 + g**2 + 11*g + 21. Is q(-2) composite?
False
Is (-2 + (3 - 3))/((-4)/382) prime?
True
Suppose -2*y + 3*b = -4*y - 6, -17 = -3*y + 2*b. Suppose 3*w + 1 = 7. Suppose y*h + 20 - 83 = -w*g, 0 = g + 4*h - 19. Is g composite?
True
Let c(d) = 5*d**3 + 46*d**2 + 20*d + 26. Let h(q) = -q**3 - 9*q**2 - 4*q - 5. Let w(g) = -2*c(g) - 11*h(g). Let m = -184 + 179. Is w(m) a prime number?
False
Let f = 2430 - -2504. Is f a prime number?
False
Suppose -5*o - x = -25, -o + 4*o = 5*x + 15. Suppose o*b = 8 + 7. Let s(j) = 6*j + 4. Is s(b) a composite number?
True
Suppose -4*t + 20 = 0, 0 = 2*x - 5*x + 4*t + 51751. Is x a composite number?
False
Suppose -3*s = 5*s. Suppose s = -40*j + 35*j + 9865. Is j composite?
False
Suppose 5*j - 2*u = 40, 0*j - 3*j = 4*u + 2. Let v(n) = n**3 - n**2 + 4*n + 13. Is v(j) a prime number?
False
Let p(v) be the second derivative of v**4/12 - 3*v**3/2 + 2*v**2 - v. Let q be p(9). Is (-2307)/(-9) - q/(-6) prime?
True
Suppose 0 = -0*q - q + 4. Suppose q*k - k = 1842. Is ((-3)/(-2))/3*k composite?
False
Let f(q) be the second derivative of -5/2*q**2 + 7/12*q**4 + 0 - 4/3*q**3 + q. Is f(6) prime?
True
Let v be -2*(-1 - -6)*6. Let f = -267 + 398. Let m = f - v. Is m composite?
False
Let q(k) = 45*k**2 + 43*k**2 - 3*k**2. Let w be q(-1). Suppose -2*j + w = -j. Is j composite?
True
Let v(g) = 3 - g + 8 - g. Is v(-4) a prime number?
True
Let t = 5 + 11. Let j(k) = 85*k + 63. Is j(t) composite?
False
Let j(p) = 24*p**2 + 20*p + 59. Is j(-3) composite?
True
Suppose 18*i - 20*i = -1374. Let k = 2048 - i. Is k a composite number?
False
Suppose -4*s - 38*y + 34*y = -11004, -3*s = 5*y - 8261. Is s composite?
True
Let x = 1077 + 1312. Is x a prime number?
True
Suppose -5403 = -8*j + 5*j. Is j a prime number?
True
Let l(m) = 16*m + 50. Is l(36) composite?
True
Let x be (-3)/2*205304/(-66). Suppose x + 718 = 4*u. Is u a composite number?
True
Suppose 8*b - 94222 = 404714. Is b a prime number?
False
Is ((-2)/(-4))/((-36)/(-285624)) a prime number?
True
Suppose 4*o = 17009 + 339. Let h = o - 2938. Is h a composite number?
False
Suppose 0 = -22*t - 97385 + 690087. Is t composite?
True
Is 1/(6 - 3) + (-68860)/(-15) a composite number?
False
Let h(l) = -l**3 - 18*l**2 - 17*l - 6. Let v be h(-17). Suppose 0 = 3*y + 1373 - 3614. Is y/1 - (v - -8) composite?
True
Let w = 1 + 5. Suppose -3*y + w = -3. Suppose 0 = 2*s - y*p - 62, -p = -2*s - 6*p + 62. Is s a composite number?
False
Suppose -4*l - r = -29905, 18*l - 2*r + 22425 = 21*l. Is l a prime number?
True
Let g(a) = 14*a. Suppose 2 = 5*r + 7. Let z be g(r). Is z*29/8*-4 composite?
True
Suppose 3*f = -0*p + p - 2705, -2745 = -p - 5*f. Let l = -1607 + p. Is l*(4 + -7)/(-9) composite?
True
Suppose 5*o - 16825 = -5*v, 3*v - 3*o = 2*v + 3357. Let w = 4762 - v. Is w a composite number?
False
Let y be 31/(-3)*(5 - 8). Suppose y*x - 26*x = 3745. Suppose 2*q - 302 = g + g, 5*q - 2*g - x = 0. Is q composite?
False
Is ((-10639)/4 + -6)/(1/(-4)) a composite number?
False
Is (-5 - 3/(-1)) + 14449 composite?
False
Let n(c) = 17*c + 9. Is n(12) a composite number?
True
Let l = -116 - -118. Suppose -l*g + 2172 = -0*g - 5*a, -5401 = -5*g - 2*a. Is g composite?
True
Let p = 5512 + -33702. Is (-2)/(-4)*(-3)/(15/p) composite?
False
Let u be (-11)/((-44)/(-4704)) + 2. Let x = 2107 + u. Is x composite?
True
Suppose 0 = -8*q, -9*w + 4*q = -11*w + 25414. Is w a prime number?
False
Let a be 7 + -5 + (4 - 34)*-1. Suppose 22*m = a*m - 130. Is m composite?
False
Suppose -572 = -5*m + 3*s, -1 = 3*s - 4*s. Let d be (-2)/(m/(-58) + 2). Let y = d - -265. Is y a composite number?
False
Let i(h) = -h + 7. Suppose -4*l + 6 = -2*l. Let t be i(l). Suppose t*y = -16, 0*y - 133 = -c - 4*y. Is c prime?
True
Let x = -21866 - -56361. Is x prime?
False
Suppose 3*f - 13 = -5*c, 2*c - 5*f + 2*f - 1 = 0. Let i be (c + 2)/(0 - -1). Is 58 + i + -5 - 4 composite?
False
Let j be (-9)/((-9)/(-2)) + 20. Is 4/j + 117848/72 prime?
True
Suppose -62*v - 36*v + 3039274 = 0. Is v prime?
True
Let f(b) = -9 - 11*b**2 + 3*b - 7*b + 23*b**2. Is f(10) composite?
False
Let a be 6 + (10/(-2) - -2). Suppose -2*i = -5*u - 1990 + 194, -a*u + 3*i - 1074 = 0. Let n = 521 + u. Is n composite?
True
Let a = -2 + 0. Let r(j) be the first derivative of -29*j**4/4 - j**3 - j**2 - j + 39. Is r(a) composite?
False
Let m(c) = 205*c**3 + c**2 - c - 5. Is m(4) a prime number?
True
Let d be 12/9*-15 + 4. Is 2056/d*(-3 + 1) composite?
False
Let f = 18 + -5. Suppose 11*k + 452 = f*k. Is k composite?
True
Suppose -2*a = 9 - 9. Suppose 11*d - 5272 + 311 = a. Is d composite?
True
Suppose -5*n + x = -0*x - 311, -5*n = -4*x - 299. Suppose 0 = o - 442 + n. Is o composite?
False
Is (1329/(-15))/((-2)/10) prime?
True
Suppose -33585 - 10271 = -16*a. Is a composite?
False
Suppose -4*n + 20 = 0, -5*x - 5*n + 11300 = -2*n. Is x composite?
True
Suppose -3*d + c - 12 = 0, -c = 2*d + 3*c - 6. Suppose 0 = -2*o + 2*t - 4070, 0*t - 2*t = -3*o - 6108. Is o/(-3) + d/9 composite?
True
Let j be ((-1024)/(-10))/(4/470). Suppose 0 = -2*s - 2*v + 4*v + 72, 4*s - 3*v - 144 = 0. Is j/s - 6/27 composite?
True
Suppose 229*i = 234*i - 90715. Is i a prime number?
True
Let g(l) = -10*l - 8. Let x be g(-5). Suppose 2 - x = 5*o. Is 68 - 2/(o/(-12)) composite?
True
Suppose 4*o = 4*g + 7684, -5*o - 2*g = -7082 - 2523. Is o prime?
False
Let n = -4387 + 6603. Let g = -1407 + n. Is g prime?
True
Suppose -161 = -5*k - 271. Let w(t) = t**3 + 28*t**2 + 35. Is w(k) composite?
False
Let a(d) = 47*d**2 - d - 1. Let l be (-25)/(-9) - (-2)/9. Is a(l) prime?
True
Suppose 0 = -j - 2*d + 3*d + 298, 0 = 2*d. Let v = 827 - j. Is v composite?
True
Is 3/6*(-21612)/(6/(-1)) composite?
False
Let q = -911 + 1673. Suppose -2*y + g + 3*g = -q, -5*y + 1945 = -2*g. Is y a composite number?
True
Suppose -4*m = -3*i + 16229, 4*m - 1042 = -2*i + 9784. Is i a composite number?
True
Suppose -2*x - 3*x + 7730 = -5*l, 5*l - 2*x = -7739. Let j = 2288 + l. Is j a composite number?
False
Let r(n) = -5*n**3 - 18*n**2 - 11*n - 49. Is r(-14) a composite number?
True
Is ((-9)/(-9))/(3/59403) composite?
False
Let l(q) = 6 + q + 2 - 1. Let p be l(-4). Suppose 0 = p*a - 567 - 72. Is a a composite number?
True
Suppose m + 14 = 11. Let k be 1/(m/(-24)) + -4. Let p(d) = 37*d + 10. Is p(k) a prime number?
False
Let p = 196 + -120. Is (4 + p/(-16))/((-3)/1212) a prime number?
False
Is 18422 - (5 + 4)/(-1) a composite number?
True
Suppose 10*c + 120 = -0*c. Let d(b) = 2*b**2 + 4*b - 37. Is d(c) prime?
False
Suppose 0 = 15*m - 8639 - 11116. Is m a prime n